prime factors of t.
2, 5, 29
Let s(q) = 6668*q + 709. What are the prime factors of s(3)?
7, 11, 269
Suppose -22*b - 70 = -27*b. Suppose 37*i - 36961 = b*i. List the prime factors of i.
1607
Let v be (1 - 20/(-4))/(-1). Let w = v + 32. List the prime factors of -1 + 84 + w/13.
5, 17
Let k = 8108 + -5263. What are the prime factors of k?
5, 569
Let q(s) = 0*s**2 - s**2 + 52 - 49 - 12*s. Suppose 4*h = -49 + 17. What are the prime factors of q(h)?
5, 7
Let h be 3*20/(-15) + 1 + -177. Let a be ((-27)/(-15))/((-27)/h). Suppose 0 = -a*n + 3*n + 1458. What are the prime factors of n?
2, 3
Let p(x) = 6*x**2 - x + 2. Let k(o) = 7 - o**3 - 2 - 45*o**2 + 29*o**2 - 2 + 17*o. Let s be k(-17). What are the prime factors of p(s)?
53
What are the prime factors of (-6)/1 + 6 - (-17201 + 3)*2?
2, 8599
Let g = 6 - 3. Let k = -13586 + 14167. Suppose 900 = 4*b - 4*r, 5*b = -g*r + 1682 - k. What are the prime factors of b?
2, 3, 37
What are the prime factors of ((-51034)/(-8))/1 + (-78)/312?
6379
Let k be 5/1*(-4)/((-60)/33). Let w(x) = x**3 + 13*x - 6*x**2 - 8*x**2 + 4 + k*x**2 + 16*x**2. What are the prime factors of w(-8)?
2, 5, 11
Let p(d) = -d - 8. Let l be p(-15). Suppose -2*n + 2268 = l*n. Suppose 0 = b - m - 126, -m = 2*b - 2*m - n. What are the prime factors of b?
2, 3, 7
Let h = 33110 + -20365. What are the prime factors of h?
5, 2549
Let f(j) = 6 + 10 + 14 - 22 + 6 + j. Let a be 1 + 9*(2 - 1). What are the prime factors of f(a)?
2, 3
List the prime factors of 1958/(-33)*(3 - 30).
2, 3, 89
Let g = -4343 + 4351. Let c(w) = 7*w - 75. Let q(j) = -4*j + 37. Let z(d) = -3*c(d) - 5*q(d). What are the prime factors of z(g)?
2
Let a(i) = 2*i**2 + 7*i - 12. Let c be a(13). Suppose n + 4*p = -237, -4*n - 615 = -5*p + c. Let u = -174 - n. List the prime factors of u.
79
Suppose 5*r + 58787 = 813*h - 812*h, -176333 = -3*h + r. List the prime factors of h.
53, 1109
Let a = 25250 + -16741. List the prime factors of a.
67, 127
Let r be (290/25)/(-2)*-5. Suppose 280 = -22*k + r*k. What are the prime factors of k?
2, 5
Let v = -78 - -80. Suppose l - 1283 = -4*j, -1278 = -4*j - 0*l - v*l. What are the prime factors of j?
2, 7, 23
What are the prime factors of (-11)/((-165)/(-10)) - (-7 + 153307/(-33))?
2, 1163
Suppose -15508 = -5*s + 7954 + 355048. What are the prime factors of s?
2, 3, 11, 31, 37
Let a = 52633 + 4159. What are the prime factors of a?
2, 31, 229
Let x(h) = 24721*h - 16. Let v be x(1). Suppose 0 = 31*g - v - 19098. What are the prime factors of g?
3, 157
Let s(f) = 49 - 27*f + 31 - 15 + 2*f**2 + 23. What are the prime factors of s(21)?
13, 31
Let d(p) = 673*p + 204. List the prime factors of d(12).
2, 3, 5, 23
Let o(k) = 12212*k**2 + 57*k - 54. List the prime factors of o(1).
5, 7, 349
Let w = 3855 + 36628. List the prime factors of w.
40483
Suppose 13*w = 8*w - s + 12101, -3*s = -w + 2401. What are the prime factors of w?
41, 59
Let d(l) = l**3 + 3*l + 1. Let u = -33 + 37. Suppose -9*p = -u*p - 20. What are the prime factors of d(p)?
7, 11
Let q(h) = -h + 38. Let n be q(39). Let u(b) = -712*b**3 + b**2 - 13*b - 14. What are the prime factors of u(n)?
2, 89
Let k = -26 + 30. Suppose -f - k = 3*j - 2, -3*j = -2*f - 4. Suppose j*n + 32 = 2*n. What are the prime factors of n?
2
Let o be (-13)/(1001/630) + 8/44. Let y(p) = 33*p**2 + 76*p + 3. List the prime factors of y(o).
11, 137
Let t = -57 - -63. What are the prime factors of (36/t)/3 + 4*102?
2, 5, 41
Let t(h) be the second derivative of h**3/2 + 25*h**2/2 - h. Let r(c) = -c**3 + 5*c + 9. Let s be r(-2). What are the prime factors of t(s)?
2, 23
Let k(q) = -2*q**2 - 64*q - 19. Let t be k(-32). Let p(u) = 3*u**2 + 38*u + 4. List the prime factors of p(t).
5, 73
Let j(r) = -8*r**3 - 12*r**2 - 10*r - 6. Let i be j(-4). Suppose 2*f - i = -f. Suppose 117*s + 21 = f*s. List the prime factors of s.
3, 7
Suppose -226*z - 108 = -280*z. Let u = 3 - -1. Suppose 5 = -l + z*x + 60, -u*l + 4*x = -240. What are the prime factors of l?
5, 13
Suppose -s + 27 = 2*f - 234, -3 = s. Suppose 0 = -o + 8 - 4, 2*k = 4*o + f. What are the prime factors of k?
2, 37
Let j(b) = -4*b**3 - 3*b**2 + 4*b + 250. Let d be j(0). Suppose 0*g + 4*g = 3*k + 403, -3*g = 3*k + 417. Let w = k + d. What are the prime factors of w?
113
Let m(k) = 2080*k - 878. List the prime factors of m(11).
2, 3, 19, 193
Suppose 4144*q = 4113*q + 1139498. What are the prime factors of q?
2, 18379
Let t(x) = 3*x**2 + 5*x + 1. Let i be t(-2). Suppose 5*a = 3*g - 1699, -i*a = 3*g + 2*a - 1649. What are the prime factors of g?
2, 3, 31
Let r = -141 + 143. Suppose 5*o + 5*f = -0*f + 25, 4*f + 10 = r*o. Suppose u = o*x - 961, 0*u - 388 = -2*x + 4*u. List the prime factors of x.
2, 3
Let r(a) = -5*a**3 + 8*a**2 - a + 259. Let b(t) = -2*t**2. Let o(m) = 4*b(m) + r(m). List the prime factors of o(0).
7, 37
Suppose 545*p - 515*p = 96510. What are the prime factors of p?
3217
Let s(o) = -3*o**3 - o**2 + 4*o + 6. Let n be s(-4). Let c = -545 + 516. Let d = c + n. What are the prime factors of d?
137
Let g(m) = 609*m**2 + 11*m + 63. List the prime factors of g(-5).
15233
Let r = 156 - 32. Suppose -2*x + 132 + r = 0. List the prime factors of x.
2
Let w(s) = 16*s**2 + 56*s - 3070. What are the prime factors of w(36)?
2, 13, 757
Suppose 82*k + 10509678 - 3402110 = 290*k. What are the prime factors of k?
34171
Let o be (-245)/13 - (2/13)/1. Let v = 16 + o. What are the prime factors of (v/((-27)/3))/((-3)/(-45))?
5
Suppose -4*g - 2*s + 268936 = 0, -4*g = 3*s - 357590 + 88646. List the prime factors of g.
2, 3, 5, 83
Suppose 0 = 4*l + 18*l + 462. What are the prime factors of (-4)/(-7) + -3 + (-6246)/l?
5, 59
Suppose 0 = -4*p + 5*t + 36356, -4*p - 2*t = -3*t - 36356. Suppose -32*l + p = -11295. What are the prime factors of l?
7, 13
Suppose -64*l + 42*l + 619080 = 0. Suppose l = 15*o + 7440. List the prime factors of o.
2, 3, 5, 23
Let x = 25208 - 22682. List the prime factors of x.
2, 3, 421
Let o be 1/(0 - 0 - (1 - 2)). Suppose 0 = i - o, 3*v - 752 = 4*i - 120. List the prime factors of v.
2, 53
Suppose -19*z = 3030 - 769. Let b = -138 + -31. Let a = z - b. What are the prime factors of a?
2, 5
Suppose 0 = -3*i - 5*z + 108336, -325008 = -21*i + 12*i + 5*z. List the prime factors of i.
2, 37, 61
Let y(z) = z**3 - 11*z**2 + 11*z - 15. Let i be y(10). Let g = 5 + i. Suppose g = -6*u - 13 + 55. List the prime factors of u.
7
What are the prime factors of 2*51/(-15)*(-1325)/1?
2, 5, 17, 53
Suppose 3101 = 3*y + 2*d, 5*d - 9*d + 16 = 0. List the prime factors of y.
1031
Let g(a) = 11*a**2 - 69*a - 39. Let s be g(12). Let v = s - 219. List the prime factors of v.
2, 3, 83
Let f(z) = 438*z**2 - 122*z - 824. What are the prime factors of f(-10)?
2, 3, 29, 127
Suppose 7*j - 2284 + 163 = 0. Suppose -10*d - 407 = j. Let x = d + 115. List the prime factors of x.
2, 11
Let m(j) = -1111*j**2 - 1125*j**2 - 16 + 2306*j**2. What are the prime factors of m(-3)?
2, 307
Suppose 5*t - 4*a = 7371 + 11197, 5*t + 3*a = 18554. What are the prime factors of t?
2, 29
Suppose -197*y + 199*y = -6, -12355 = -2*f - 5*y. What are the prime factors of f?
5, 1237
Let u = 26 + -23. Suppose 1310 = 10*t - 60. What are the prime factors of u*(-1)/(-3)*t?
137
Suppose -7*d + 0*d = 21. Let i be (-2)/(-4*1/10) + d. Suppose 181 = i*r - c, -3*r - 2*c + 51 = -231. What are the prime factors of r?
2, 23
Let d = 87629 - 50132. What are the prime factors of d?
3, 29, 431
Suppose 0 = -12181*y + 12193*y - 358020. List the prime factors of y.
3, 5, 13, 17
Suppose -67*d - 66*d = -120*d - 45643. List the prime factors of d.
3511
Let l = 103 + -101. Let k(d) = 10*d - 15*d + 9 - 11 + d**l. List the prime factors of k(-10).
2, 37
Suppose j = -3*n + 6605, -6*j + 0*j = -3*n - 39651. What are the prime factors of j?
2, 7, 59
What are the prime factors of (216/32 - 7) + 100328/32?
3, 5, 11, 19
Let d(j) = 63 + 23 + 19 + 11*j. What are the prime factors of d(30)?
3, 5, 29
Suppose 21917 = -50*s + 53*s + 4*t, 0 = -t + 5. List the prime factors of s.
3, 811
Let t be 0/(-3) + 1 + -26. Suppose -317*n = -247*n + 2170. Let q = t - n. List the prime factors of q.
2, 3
Let w be 6/4*(-580)/(-15). Let y = w + -55. Suppose -y*m + 124 + 239 = 0. What are the prime factors of m?
11
Suppose -c + 2000 = x, -5 = -2*c - 9. Suppose 23 = -4*w + 71. Suppose